{"id":2538,"date":"2021-05-01T11:54:50","date_gmt":"2021-05-01T11:54:50","guid":{"rendered":"https:\/\/bslthemes.com\/tastyc\/?page_id=465"},"modified":"2024-08-28T18:15:43","modified_gmt":"2024-08-28T16:15:43","slug":"accueil","status":"publish","type":"page","link":"https:\/\/www.lefortnapoleon.com\/","title":{"rendered":"Accueil"},"content":{"rendered":"\t\t<div data-elementor-type=\"wp-page\" data-elementor-id=\"2538\" class=\"elementor elementor-2538\">\n\t\t\t\t\t\t<section class=\"elementor-section elementor-top-section elementor-element elementor-element-a87089a elementor-section-full_width elementor-section-height-default elementor-section-height-default\" data-id=\"a87089a\" data-element_type=\"section\" data-e-type=\"section\" data-settings=\"{&quot;background_background&quot;:&quot;classic&quot;}\">\n\t\t\t\t\t\t<div class=\"elementor-container elementor-column-gap-no\">\n\t\t\t\t\t<div class=\"elementor-column elementor-col-100 elementor-top-column elementor-element elementor-element-7851a76f\" data-id=\"7851a76f\" data-element_type=\"column\" data-e-type=\"column\">\n\t\t\t<div class=\"elementor-widget-wrap elementor-element-populated\">\n\t\t\t\t\t\t<div class=\"elementor-element elementor-element-5b52d056 pricing-wrapper elementor-widget elementor-widget-tastyc-pricing\" data-id=\"5b52d056\" data-element_type=\"widget\" data-e-type=\"widget\" data-widget_type=\"tastyc-pricing.default\">\n\t\t\t\t<div class=\"elementor-widget-container\">\n\t\t\t\t\t\n\t\t<!-- container -->\n\t\t<div class=\"container\">\n\n\t\t<div class=\"row\">\n\t\t            <div class=\"col-lg-12\">\n\n            <!-- title -->\n            <div class=\"text-center\">\n                            <div class=\"tst-suptitle tst-suptitle-center tst-mb-15\">\n              \t<span >\n\t\t          \tLe fort Napol\u00e9on\n\t\t        <\/span>\n              <\/div>\n                                          <h3 class=\"tst-title--h tst-mb-30\">\n              \t<span >\n\t\t          \tTarifs\t\t        <\/span>\n              <\/h3>\n                                          <p class=\"tst-text tst-title--desc tst-mb-60\">\n              \t<span >\n\t\t          \tLe tarif inclut l'acc\u00e8s au jardin, au mus\u00e9e et aux balades guid\u00e9es. <\/br>\nEn choisissant de visiter le fort, vous participez activement \u00e0 la pr\u00e9servation et \u00e0 l'entretien de ce site historique <\/br> remarquable, ainsi qu'au jardin et au mus\u00e9e qui l'entourent.\t\t        <\/span>\n              <\/p>\n                          <\/div>\n            <!-- title end -->\n\n          <\/div>\n          \n          \t\t            <div class=\"col-lg-4\">\n\n            <!-- pricing box -->\n            <div class=\"tst-pricing-box tst-mb-60 \">\n\t\t\t                <img decoding=\"async\" src=\"https:\/\/www.lefortnapoleon.com\/wp-content\/uploads\/2024\/07\/adulte-icon.png\" alt=\"\" class=\"tst-mb-15\" \/>\n                                          <h5 class=\"tst-mb-30\">\n              \t<span >\n\t        \t\tAdulte\t        \t<\/span>\n              <\/h5>\n                                          <div class=\"tst-hours-price\">\n              \t<span class=\"tst-price-pre\">\n              \t\t<span ><\/span>\n              \t<\/span>\n              \t<span class=\"tst-price-val\">\n              \t\t<span >7<\/span>\n              \t<\/span>\n\t\t\t\t<span class=\"tst-price-after\">\n\t\t\t\t\t<span >\u20ac<\/span>\n\t\t\t\t<\/span>\n              <\/div>\n                                          <div class=\"tst-text\">\n              \t<div >\n\t        \t\t<ul>\n <ul>\n  <li><\/li>\n <\/ul>\n<\/ul>\n+ de 18 ans\t        \t<\/div>\n              <\/div>\n                                        <\/div>\n            <!-- pricing box end -->\n\n          <\/div>\n                    <div class=\"col-lg-4\">\n\n            <!-- pricing box -->\n            <div class=\"tst-pricing-box tst-mb-60 \">\n\t\t\t                <img decoding=\"async\" src=\"https:\/\/www.lefortnapoleon.com\/wp-content\/uploads\/2024\/07\/enfant-icon.png\" alt=\"\" class=\"tst-mb-15\" \/>\n                                          <h5 class=\"tst-mb-30\">\n              \t<span >\n\t        \t\tEnfant\t        \t<\/span>\n              <\/h5>\n                                          <div class=\"tst-hours-price\">\n              \t<span class=\"tst-price-pre\">\n              \t\t<span ><\/span>\n              \t<\/span>\n              \t<span class=\"tst-price-val\">\n              \t\t<span >3<\/span>\n              \t<\/span>\n\t\t\t\t<span class=\"tst-price-after\">\n\t\t\t\t\t<span >\u20ac<\/span>\n\t\t\t\t<\/span>\n              <\/div>\n                                          <div class=\"tst-text\">\n              \t<div >\n\t        \t\t<ul>\n <ul>\n  <li><\/li>\n <\/ul>\n<\/ul>\nDe 6 \u00e0 10 ans <sup>*<\/sup>\t        \t<\/div>\n              <\/div>\n                                        <\/div>\n            <!-- pricing box end -->\n\n          <\/div>\n                    <div class=\"col-lg-4\">\n\n            <!-- pricing box -->\n            <div class=\"tst-pricing-box tst-mb-60 \">\n\t\t\t                <img decoding=\"async\" src=\"https:\/\/www.lefortnapoleon.com\/wp-content\/uploads\/2024\/07\/etudiant-icon.png\" alt=\"\" class=\"tst-mb-15\" \/>\n                                          <h5 class=\"tst-mb-30\">\n              \t<span >\n\t        \t\tEtudiants\t        \t<\/span>\n              <\/h5>\n                                          <div class=\"tst-hours-price\">\n              \t<span class=\"tst-price-pre\">\n              \t\t<span ><\/span>\n              \t<\/span>\n              \t<span class=\"tst-price-val\">\n              \t\t<span >4<\/span>\n              \t<\/span>\n\t\t\t\t<span class=\"tst-price-after\">\n\t\t\t\t\t<span >\u20ac<\/span>\n\t\t\t\t<\/span>\n              <\/div>\n                                          <div class=\"tst-text\">\n              \t<div >\n\t        \t\t<ul>\n <ul>\n  <li><\/li>\n <\/ul>\n<\/ul>\nDe 11 \u00e0 18 ans <sup>**<\/sup>\t        \t<\/div>\n              <\/div>\n                                        <\/div>\n            <!-- pricing box end -->\n\n          <\/div>\n                    \n        <\/div>\n\n        <div class=\"tst-spacer tst-spacer-only-bottom-space\"><\/div>\n\n\t\t<\/div>\n\t\t<!-- container end -->\n\n\t\t\t\t\t\t<\/div>\n\t\t\t\t<\/div>\n\t\t\t\t<div class=\"elementor-element elementor-element-54d3580 elementor-widget elementor-widget-text-editor\" data-id=\"54d3580\" data-element_type=\"widget\" data-e-type=\"widget\" data-widget_type=\"text-editor.default\">\n\t\t\t\t<div class=\"elementor-widget-container\">\n\t\t\t\t\t\t\t\t\t<p style=\"text-align: center;\">* gratuit\u00e9 pour les moins de 6 ans<\/p><p style=\"text-align: center;\">** et sous pr\u00e9sentation de certificat de scolarit\u00e9 ou carte \u00e9tudiant<\/p><p style=\"text-align: center;\">Les enseignants ou animateurs souhaitant venir visiter le Fort Napol\u00e9on avec un groupe scolaire sont invit\u00e9s \u00e0 nous contacter via l\u2019espace \u00ab\u00a0contact\u00a0\u00bb.<\/p>\t\t\t\t\t\t\t\t<\/div>\n\t\t\t\t<\/div>\n\t\t\t\t\t<\/div>\n\t\t<\/div>\n\t\t\t\t\t<\/div>\n\t\t<\/section>\n\t\t\t\t<section class=\"elementor-section elementor-top-section elementor-element elementor-element-62bc041 elementor-section-full_width elementor-section-height-default elementor-section-height-default\" data-id=\"62bc041\" data-element_type=\"section\" data-e-type=\"section\">\n\t\t\t\t\t\t<div class=\"elementor-container elementor-column-gap-no\">\n\t\t\t\t\t<div class=\"elementor-column elementor-col-100 elementor-top-column elementor-element elementor-element-799cda9\" data-id=\"799cda9\" data-element_type=\"column\" data-e-type=\"column\">\n\t\t\t<div class=\"elementor-widget-wrap elementor-element-populated\">\n\t\t\t\t\t\t<div class=\"elementor-element elementor-element-ee4a7fe elementor-widget elementor-widget-tastyc-services-grid\" data-id=\"ee4a7fe\" data-element_type=\"widget\" data-e-type=\"widget\" data-widget_type=\"tastyc-services-grid.default\">\n\t\t\t\t<div class=\"elementor-widget-container\">\n\t\t\t\t\t\n\t\t<!-- container -->\n\t\t<div class=\"container\">\n\n\t\t<div class=\"row tst-mb-60\">\n\t\t  \n          \t\t            <div class=\"col-lg-12\">\n\n            <!-- services box -->\n            <div class=\"tst-services-box\">\n                            <div class=\"image\"><img decoding=\"async\" src=\"https:\/\/www.lefortnapoleon.com\/wp-content\/uploads\/2024\/07\/le-fort.jpg\" alt=\"\" \/><\/div>\n                            <div class=\"desc\">\n                            <div class=\"tst-suptitle tst-mb-15\">\n              \t<span >\n\t        \t\tLe fort\t        \t<\/span>\n              <\/div>\n                                          <h3 class=\"tst-mb-30\">\n              \t<span >\n\t        \t\tMonument historique\n\t        \t<\/span>\n          <\/h3>\n                                          <div class=\"tst-text\">\n              \t<div >\n\t        \t\t<div class=\"tst-text tst-mb-30\"><p>Le Fort Napol\u00e9on de Terre-de-Haut a \u00e9t\u00e9 \u00e9rig\u00e9 entre 1844 et 1867 et class\u00e9 monument historique le 15 d\u00e9cembre 1996. Il offre une vue exceptionnelle sur la rade des Saintes. Depuis 1980, il est g\u00e9r\u00e9 par l'Association Saintoise de Protection du Patrimoine (ASPP).<\/p><\/div>\t        \t<\/div>\n              <\/div>\n                                      \t  <\/div>\n            <\/div>\n            <!-- services box end -->\n\n          <\/div>\n                    <div class=\"col-lg-12\">\n\n            <!-- services box -->\n            <div class=\"tst-services-box\">\n                            <div class=\"image\"><img decoding=\"async\" src=\"https:\/\/www.lefortnapoleon.com\/wp-content\/uploads\/2024\/07\/le-jardin.jpg\" alt=\"\" \/><\/div>\n                            <div class=\"desc\">\n                            <div class=\"tst-suptitle tst-mb-15\">\n              \t<span >\n\t        \t\tLe jardin\t        \t<\/span>\n              <\/div>\n                                          <h3 class=\"tst-mb-30\">\n              \t<span >\n\t        \t\tPanoramique et exotique\t        \t<\/span>\n          <\/h3>\n                                          <div class=\"tst-text\">\n              \t<div >\n\t        \t\t<div class=\"tst-text tst-mb-30\"><p>Profitez d'une vue panoramique exceptionnelle sur l'archipel des Saintes, l\u2019une des plus belles baies du monde et les \u00eeles autour lors de votre promenade dans le jardin botanique de cact\u00e9es. Les amoureux des cactus pourrons d\u00e9couvrir le \u201cm\u00e9locactus intortus\u201d \u00e9galement appel\u00e9 t\u00eate \u00e0 l'anglais ou coussin de belle-m\u00e8re.<\/p><\/div>\t        \t<\/div>\n              <\/div>\n                                      \t  <\/div>\n            <\/div>\n            <!-- services box end -->\n\n          <\/div>\n                    <div class=\"col-lg-12\">\n\n            <!-- services box -->\n            <div class=\"tst-services-box\">\n                            <div class=\"image\"><img decoding=\"async\" src=\"https:\/\/www.lefortnapoleon.com\/wp-content\/uploads\/2024\/07\/le-musee.jpg\" alt=\"\" \/><\/div>\n                            <div class=\"desc\">\n                            <div class=\"tst-suptitle tst-mb-15\">\n              \t<span >\n\t        \t\tLe mus\u00e9e\t        \t<\/span>\n              <\/div>\n                                          <h3 class=\"tst-mb-30\">\n              \t<span >\n\t        \t\tUn archipel d'Histoire\t        \t<\/span>\n          <\/h3>\n                                          <div class=\"tst-text\">\n              \t<div >\n\t        \t\t<div class=\"tst-text tst-mb-30\"><p>Dix-sept salles d'exposition ont \u00e9t\u00e9 am\u00e9nag\u00e9es dans la caserne du Fort Napol\u00e9on, pr\u00e9sentant l'histoire de l'archipel, les techniques de navigation, la colonisation, les esp\u00e8ces end\u00e9miques et les sp\u00e9cialit\u00e9s locales. Venez \u00e9couter nos guides vous raconter ces r\u00e9cits insulaires.<\/p><\/div>\t        \t<\/div>\n              <\/div>\n                                      \t  <\/div>\n            <\/div>\n            <!-- services box end -->\n\n          <\/div>\n                    \n        <\/div>\n\n        <div class=\"tst-spacer tst-spacer-only-bottom-space\"><\/div>\n\n\t\t<\/div>\n\t\t<!-- container end -->\n\n\t\t\t\t\t\t<\/div>\n\t\t\t\t<\/div>\n\t\t\t\t\t<\/div>\n\t\t<\/div>\n\t\t\t\t\t<\/div>\n\t\t<\/section>\n\t\t<div class=\"elementor-element elementor-element-2119476 e-flex e-con-boxed e-con e-parent\" data-id=\"2119476\" data-element_type=\"container\" data-e-type=\"container\" data-settings=\"{&quot;background_background&quot;:&quot;classic&quot;}\">\n\t\t\t\t\t<div class=\"e-con-inner\">\n\t\t<div class=\"elementor-element elementor-element-caf3da5 e-con-full e-flex e-con e-child\" data-id=\"caf3da5\" data-element_type=\"container\" data-e-type=\"container\">\n\t\t\t\t<div class=\"elementor-element elementor-element-b6399ef horaires-wrapper elementor-widget elementor-widget-tastyc-schedule\" data-id=\"b6399ef\" data-element_type=\"widget\" data-e-type=\"widget\" data-widget_type=\"tastyc-schedule.default\">\n\t\t\t\t<div class=\"elementor-widget-container\">\n\t\t\t\t\t\n\t\t<!-- container -->\n\t\t<div class=\"container\">\n\n\t\t<!-- banner sm -->\n        <div class=\"tst-banner-sm\">\n\n          \n          <div class=\"row align-items-center\">\n\n            <div class=\"col-lg-8\">\n\n              <div class=\"tst-text-frame\">\n              \t                <div class=\"tst-suptitle tst-suptitle-mobile-center tst-white-2 tst-mb-15\">\n                \t<span >\n\t\t\t          \tReservation\t\t\t        <\/span>\n                <\/div>\n                                                <h2 class=\"tst-title--h tst-white-2 tst-mb-30\">\n                \t<span >\n\t\t\t          \tHoraires\t\t\t        <\/span>\n                <\/h2>\n                                                <p class=\"tst-text tst-white-2 tst-mb-30\">\n                \t<span >\n\t\t\t          \tDerni\u00e8re entr\u00e9e \u00e0 12H <\/br>\n<em>Fermetures les 1er Janvier, 1er Mai, 27 Mai, 15 &amp; 16 Ao\u00fbt, 25 D\u00e9cembre<\/em>\t\t\t        <\/span>\n                <\/p>\n                                                <div class=\"tst-btn-mobile\">\n                                    <a href=\"https:\/\/www.lefortnapoleon.com\/?product=entree-au-fort-napoleon\" class=\"tst-btn tst-mr-30\">\n                  \t<span >\n\t\t\t          \tR\u00e9server\t\t\t        <\/span>\n                  <\/a>\n                                                      <a href=\"https:\/\/www.lefortnapoleon.com\/index.php\/contact\/\" class=\"tst-label tst-white-2\">\n                  \t<span >\n\t\t\t          \tDemander un devis\t\t\t        <\/span>\n                  <\/a>\n                                  <\/div>\n                              <\/div>\n\n            <\/div>\n            <div class=\"col-lg-4\">\n\n              <div class=\"tst-wh-frame\">\n              \t\n              \t\t\t\t\t                <div class=\"tst-wh-time tst-mb-30\">\n                                    <div class=\"tst-label tst-mb-15\">\n                  \t<span >\n\t\t\t          Du lundi au dimanche\t\t\t        <\/span>\n                  <\/div>\n                                                      <div class=\"h5\">\n                  <span >\n\t\t        \t09\t\t          <\/span>\n                  <span class=\"tst-color\">:<\/span>\n              \t  <span >\n\t\t        \t00\t\t          <\/span>\n              \t  <\/div>\n                                                      <div class=\"h5\">\n                  <span >\n\t\t        \t12\t\t          <\/span>\n                  <span class=\"tst-color\">:<\/span>\n              \t  <span >\n\t\t        \t30\t\t          <\/span>\n                  <\/div>\n                                  <\/div>\n                          \t\t\n              <\/div>\n\n            <\/div>\n          <\/div>\n\n        <\/div>\n        <!-- banner sm end -->\n\n        <div class=\"tst-spacer\"><\/div>\n\n\t\t<\/div>\n\t\t<!-- container end -->\n\n\t\t\t\t\t\t<\/div>\n\t\t\t\t<\/div>\n\t\t\t\t<\/div>\n\t\t\t\t\t<\/div>\n\t\t\t\t<\/div>\n\t\t\t\t<\/div>\n\t\t","protected":false},"excerpt":{"rendered":"<p>Le fort Napol\u00e9on Tarifs Le tarif inclut l&#8217;acc\u00e8s au jardin, au mus\u00e9e et aux balades guid\u00e9es. En choisissant de visiter le fort, vous participez activement \u00e0 la pr\u00e9servation et \u00e0 l&#8217;entretien de ce site historique remarquable, ainsi qu&#8217;au jardin et au mus\u00e9e qui l&#8217;entourent. Adulte 7 \u20ac + de 18 ans Enfant 3 \u20ac De 6 \u00e0 10 ans *&#8230; <span class=\"tst-el-more\"><a href=\"https:\/\/www.lefortnapoleon.com\/\" class=\"tst-label tst-color tst-anima-link\">Read more<span class=\"screen-reader-text\">Read moreAccueil<\/span><\/a><\/span><\/p>\n","protected":false},"author":1,"featured_media":0,"parent":0,"menu_order":1,"comment_status":"closed","ping_status":"closed","template":"template-layout-builder.php","meta":{"_acf_changed":false,"footnotes":""},"class_list":["post-2538","page","type-page","status-publish","hentry"],"acf":[],"_links":{"self":[{"href":"https:\/\/www.lefortnapoleon.com\/index.php\/wp-json\/wp\/v2\/pages\/2538","targetHints":{"allow":["GET"]}}],"collection":[{"href":"https:\/\/www.lefortnapoleon.com\/index.php\/wp-json\/wp\/v2\/pages"}],"about":[{"href":"https:\/\/www.lefortnapoleon.com\/index.php\/wp-json\/wp\/v2\/types\/page"}],"author":[{"embeddable":true,"href":"https:\/\/www.lefortnapoleon.com\/index.php\/wp-json\/wp\/v2\/users\/1"}],"replies":[{"embeddable":true,"href":"https:\/\/www.lefortnapoleon.com\/index.php\/wp-json\/wp\/v2\/comments?post=2538"}],"version-history":[{"count":107,"href":"https:\/\/www.lefortnapoleon.com\/index.php\/wp-json\/wp\/v2\/pages\/2538\/revisions"}],"predecessor-version":[{"id":3503,"href":"https:\/\/www.lefortnapoleon.com\/index.php\/wp-json\/wp\/v2\/pages\/2538\/revisions\/3503"}],"wp:attachment":[{"href":"https:\/\/www.lefortnapoleon.com\/index.php\/wp-json\/wp\/v2\/media?parent=2538"}],"curies":[{"name":"wp","href":"https:\/\/api.w.org\/{rel}","templated":true}]}}